{"id":3849,"date":"2025-08-25T18:20:57","date_gmt":"2025-08-25T18:20:57","guid":{"rendered":"https:\/\/www.ingetronic24.com\/web\/?post_type=product&#038;p=3849"},"modified":"2025-11-20T13:59:34","modified_gmt":"2025-11-20T13:59:34","slug":"lectora-de-sticker-vehicular","status":"publish","type":"product","link":"https:\/\/www.ingetronic24.com\/web\/producto\/lectora-de-sticker-vehicular\/","title":{"rendered":"Lectora de Sticker Vehicular"},"content":{"rendered":"<p data-path-to-node=\"1\">La lectora de sticker vehicular (o lector de TAG vehicular) es un dispositivo electr\u00f3nico fijo que se utiliza para identificar y autenticar veh\u00edculos que portan una etiqueta o \u00absticker\u00bb especial, generalmente colocada en el parabrisas o en un faro.<\/p>\n","protected":false},"excerpt":{"rendered":"<p>Las lectoras de sticker vehicular se utilizan en diversos contextos donde se requiere una identificaci\u00f3n r\u00e1pida y autom\u00e1tica de veh\u00edculos<\/p>\n","protected":false},"featured_media":3850,"template":"","meta":[],"product_brand":[74],"product_cat":[38],"product_tag":[],"class_list":{"0":"post-3849","1":"product","2":"type-product","3":"status-publish","4":"has-post-thumbnail","6":"product_brand-ingetronic24","7":"product_cat-silv27","10":"first","11":"instock","12":"shipping-taxable","13":"purchasable","14":"product-type-simple"},"_links":{"self":[{"href":"https:\/\/www.ingetronic24.com\/web\/wp-json\/wp\/v2\/product\/3849","targetHints":{"allow":["GET"]}}],"collection":[{"href":"https:\/\/www.ingetronic24.com\/web\/wp-json\/wp\/v2\/product"}],"about":[{"href":"https:\/\/www.ingetronic24.com\/web\/wp-json\/wp\/v2\/types\/product"}],"wp:featuredmedia":[{"embeddable":true,"href":"https:\/\/www.ingetronic24.com\/web\/wp-json\/wp\/v2\/media\/3850"}],"wp:attachment":[{"href":"https:\/\/www.ingetronic24.com\/web\/wp-json\/wp\/v2\/media?parent=3849"}],"wp:term":[{"taxonomy":"product_brand","embeddable":true,"href":"https:\/\/www.ingetronic24.com\/web\/wp-json\/wp\/v2\/product_brand?post=3849"},{"taxonomy":"product_cat","embeddable":true,"href":"https:\/\/www.ingetronic24.com\/web\/wp-json\/wp\/v2\/product_cat?post=3849"},{"taxonomy":"product_tag","embeddable":true,"href":"https:\/\/www.ingetronic24.com\/web\/wp-json\/wp\/v2\/product_tag?post=3849"}],"curies":[{"name":"wp","href":"https:\/\/api.w.org\/{rel}","templated":true}]}}